15, what is -3 - -66?
63
In base 12, what is -1166 + 4?
-1162
In base 7, what is -35 + -11?
-46
In base 5, what is 3 + -13?
-10
In base 4, what is -130010 + -3?
-130013
In base 4, what is -1 - -1120?
1113
In base 2, what is -11111 - 10000?
-101111
In base 9, what is -7657 - 4?
-7662
In base 3, what is 212 + 12?
1001
In base 11, what is 2132 - 2?
2130
In base 7, what is 310 + 2?
312
In base 3, what is 2 - 100?
-21
In base 11, what is -117 - -14?
-103
In base 3, what is 21 - -1010?
1101
In base 11, what is 11 - 4?
8
In base 14, what is -7 + -1cc?
-1d5
In base 4, what is 23 - 112?
-23
In base 14, what is -1 + -3?
-4
In base 4, what is -3 - -221?
212
In base 4, what is 103 - -310?
1013
In base 13, what is 26 + 0?
26
In base 2, what is 10011010100 - -10?
10011010110
In base 16, what is -a - -58e?
584
In base 13, what is 2300 + 0?
2300
In base 15, what is 2 + -55?
-53
In base 13, what is -12 + -3a?
-4c
In base 11, what is -10a5 + -1?
-10a6
In base 10, what is 211 - 2?
209
In base 14, what is -2 - -239?
237
In base 16, what is 2f - -5?
34
In base 11, what is -26 - -5?
-21
In base 9, what is 11 - 16?
-5
In base 6, what is 4 - -33?
41
In base 11, what is -3494 + 1?
-3493
In base 12, what is 1 - -2b8?
2b9
In base 6, what is -4 - 100410?
-100414
In base 7, what is 1 + -4?
-3
In base 15, what is -10b4 - 3?
-10b7
In base 15, what is 3 - c40?
-c3c
In base 8, what is -3 + -410?
-413
In base 2, what is -10100101000000 + -11?
-10100101000011
In base 2, what is -11110 - -1000111?
101001
In base 14, what is 2 + -86?
-84
In base 3, what is -11 + -121?
-202
In base 8, what is 1 - -51?
52
In base 14, what is -5 - 7a?
-81
In base 3, what is 2 + -20212212?
-20212210
In base 7, what is -45 - -14?
-31
In base 2, what is 1010010011010 + 101?
1010010011111
In base 10, what is 149 + -26?
123
In base 11, what is 4 + 729?
732
In base 8, what is 414 + 7?
423
In base 4, what is 0 + 1210?
1210
In base 11, what is 1 - -378?
379
In base 16, what is 1 + -3a?
-39
In base 2, what is 10111110 - -100?
11000010
In base 6, what is -142 + 5?
-133
In base 2, what is 11100011110110 + -1?
11100011110101
In base 16, what is -36 + -3?
-39
In base 16, what is 1ba - -2?
1bc
In base 13, what is -330 + -18?
-348
In base 5, what is -3 - 113?
-121
In base 7, what is -11343 + -4?
-11350
In base 7, what is 1316 - 1?
1315
In base 13, what is -54 + -3?
-57
In base 10, what is -879 - 1?
-880
In base 10, what is 125 + -6?
119
In base 15, what is 16 + -be?
-a8
In base 8, what is -14 + 24?
10
In base 16, what is -2 + -b5?
-b7
In base 10, what is 3 + 63?
66
In base 6, what is -4201 + 0?
-4201
In base 4, what is 11002 - 1?
11001
In base 4, what is 13213223 + -10?
13213213
In base 10, what is 2 + -602?
-600
In base 2, what is 111 - 110?
1
In base 16, what is -1 - fe?
-ff
In base 8, what is 1271 + 3?
1274
In base 13, what is 22 - -15?
37
In base 10, what is 0 - -2625?
2625
In base 10, what is 3 + 1033?
1036
In base 3, what is 1001 - -21?
1022
In base 4, what is 22312 + -31?
22221
In base 15, what is 58 - -3?
5b
In base 9, what is 3 + -385?
-382
In base 11, what is 7 + -15?
-9
In base 2, what is -1100001100111 + -101?
-1100001101100
In base 7, what is 45 - 103?
-25
In base 4, what is 100 + 1021?
1121
In base 11, what is 69 + 3?
71
In base 4, what is 1112130 + -2?
1112122
In base 11, what is 29 - 4?
25
In base 10, what is 0 + 41?
41
In base 8, what is 5 + 153?
160
In base 7, what is 3 - -1345?
1351
In base 4, what is -20 - 2?
-22
In base 15, what is -2d6 + 4?
-2d2
In base 14, what is -3 - -73?
70
In base 7, what is -404 - 4?
-411
In base 6, what is -2 - -22312?
22310
In base 12, what is 0 - -91?
91
In base 2, what is 1101 + 10100010110?
10100100011
In base 6, what is 0 + -323?
-323
In base 7, what is 13 + -1242?
-1226
In base 3, what is 200 - -10222?
11122
In base 16, what is 66 + 32?
98
In base 15, what is 1 + c6?
c7
In base 6, what is -53 + 2?
-51
In base 9, what is 50316 + 0?
50316
In base 5, what is -4 + 412?
403
In base 11, what is 43918 - 1?
43917
In base 14, what is -1d8 + 2?
-1d6
In base 2, what is 100 - -100101111?
100110011
In base 11, what is -920 + 1?
-91a
In base 13, what is -bb - 3?
-c1
In base 14, what is -5 + 2b5?
2b0
In base 5, what is -3 - -23?
20
In base 10, what is 16 - 122?
-106
In base 4, what is -123322 - 0?
-123322
In base 10, what is -124 + -2?
-126
In base 13, what is 2 + -4b?
-49
In base 2, what is 0 - -10100111?
10100111
In base 4, what is 111231 - 11?
111220
In base 14, what is -1 - -658?
657
In base 11, what is 6 - 16?
-10
In base 3, what is -21200 + -112?
-22012
In base 2, what is -111 + 1011011?
1010100
In base 8, what is 61 - 11?
50
In base 5, what is 12143 + 1?
12144
In base 15, what is 503 - 20?
4d3
In base 16, what is 18 - 10?
8
In base 8, what is -3 + 113?
110
In base 7, what is 5 + -625?
-620
In base 6, what is 0 - -1424?
1424
In base 5, what is 1002 - -1?
1003
In base 8, what is 562 + 4?
566
In base 13, what is 2 - 392?
-390
In base 12, what is 23 + -527?
-504
In base 15, what is 19 + -ed?
-d4
In base 11, what is -33 - 6?
-39
In base 8, what is -1 + -20?
-21
In base 5, what is -304 + 10?
-244
In base 2, what is -1000111101100 - 0?
-1000111101100
In base 11, what is 0 - 1a5?
-1a5
In base 10, what is 8 + -200?
-192
In base 2, what is 100101100 - 10?
100101010
In base 5, what is -111342 - -1?
-111341
In base 2, what is -10 + -11111011110?
-11111100000
In base 7, what is 2 - -40?
42
In base 14, what is 1b5 + -1?
1b4
In base 7, what is 1 + 1023?
1024
In base 8, what is 40 + 5?
45
In base 2, what is -1100 - -10111001?
10101101
In base 7, what is -3 + 503?
500
In base 14, what is 2 - 6?
-4
In base 13, what is 26 - 52?
-29
In base 2, what is -1101101010001 - -11?
-1101101001110
In base 8, what is 1232 - 4?
1226
In base 7, what is -5 + -2223?
-2231
In base 11, what is 3a41 + -1?
3a40
In base 8, what is 3 - -324?
327
In base 16, what is 4 - 44?
-40
In base 4, what is 11302010 - 1?
11302003
In base 10, what is -6 + 1443?
1437
In base 4, what is -10 - 213231?
-213301
In base 2, what is 11001 - -1001011?
1100100
In base 6, what is 444 - 23?
421
In base 16, what is -c2 + -16?
-d8
In base 5, what is -3 + 223433?
223430
In base 2, what is -10001110 + 110?
-10001000
In base 7, what is -4016 - 2?
-4021
In base 16, what is 1 + 26?
27
In base 8, what is 4 + 4?
10
In base 15, what is 3 - 70c?
-709
In base 3, what is -111 + 1212?
1101
In base 5, what is 2034 - 3?
2031
In base 10, what is 8 - 7?
1
In base 15, what is -1 - -5b?
5a
In base 12, what is -127 - -2?
-125
In base 12, what is -2b - 0?
-2b
In base 9, what is 153 - 10?
143
In base 11, what is -6a - 0?
-6a
In base 2, what is -1 - 101000101010?
-101000101011
In base 12, what is -119 - 43?
-160
In base 6, what is 41 - 3?
34
In base 16, what is 3a5 - 2?
3a3
In base 10, what is -61 + 31?
-30
In base 13, what is -c + 7?
-5
In base 3, what is 2 + 20102?
20111
In base 13, what is -b - -657?
649
In base 11, what is -122 + -5?
-127
In base 10, what is 4368 + 1?
4369
In base 11, what is 89 + -3?
86
In base 3, what is -1101 + 1002?
-22
In base 8, what is -1370 - 0?
-1370
In base 10, what is -5 - -910?
905
In base 2, what is -1001101 - 110010?
-1111111
In base 9, what is -5 + 38?
33
In base 11, what is -1a - 19?
-38
In base 7, what is -106 + -165?
-304
In base 6, what is -4 + 12535?
12531
In base 12, what is -374 + 5?
-36b
In base 4, what is 1033 + -22?
1011
In base 9, what is 1018 - -4?
1023
In base 6, what is 544 + -104?
440
In base 13, what is 1 + -8a?
-89
In base 5, what is -214 - -10?
-204
In base 6, what is -104 + 2?
-102
In base 13, what is -40 - -24?
-19
In base 13, what is -2 - 39?
-3b
In base 16, what is -4 + 55?
51
In base 6, what is -4 + 422?
414
In base 6, what is -324 - -5?
-315
In base 10, what is 4 - -224?
228
In base 7, what is -55 - 551?
-636
In base 2, what is -110 - 100111011?
-101000001
In base 6, what is -1 + -55?
-100
In base 5, what is 11 + 33?
44
In base 13, what is 1 - -ac?
b0
In base 6, what is -413 + -4?
-421
In base 11, what is -2 + 45?
43
In base 4, what is -10 - 10002?
-10012
In base 15, what is -52 - 194?
-1e6
In base 5, what is 102 - 3?
44
In base 12, what is -6 - -14a?
144
In base 4, what is 10 + 1322?
1332
In base 5, what is 301 - 3?
243
In base 10, what is -141 - -58?
-83
In base 9, what is 18 - -6?
25
In base 